1176*m - 1815. Calculate u(32).
-23
Let l(h) = -23*h**2 + 388*h - 1167. Calculate l(14).
-243
Let b(z) = -3161*z - 31757. Determine b(-10).
-147
Let f(h) = 2*h**2 + 301*h - 15687. Calculate f(41).
16
Let s(v) = -324657*v + 14609589. Give s(45).
24
Let j(z) = 16*z**3 + 2472*z**2 - 7411*z + 13. Calculate j(3).
460
Let b(a) = 4*a**3 - 61*a**2 + 23*a - 157. Determine b(15).
-37
Let y(h) = -789*h + 320332. Give y(406).
-2
Let w(s) = 458*s - 4358. What is w(10)?
222
Let y(q) = -3*q**2 - 2064*q - 32385. Determine y(-16).
-129
Let r(g) = 17347*g - 1335727. Give r(77).
-8
Let j(x) = -3999*x - 1739546. What is j(-435)?
19
Let s(o) = o**2 - 63*o - 229. Give s(67).
39
Let x(u) = 464320*u - 11608013. Give x(25).
-13
Let b(l) = 1509183*l + 13582671. Calculate b(-9).
24
Let b(j) = -j**3 + 467*j**2 - 4113*j - 121. What is b(9)?
-40
Let f(k) = -2*k**3 + 2*k**2 + 2459*k + 7308. Give f(-3).
3
Let p(t) = -913*t - 7503. Determine p(-9).
714
Let w(r) = 2*r**3 - 57*r**2 + 379*r + 181. Give w(12).
-23
Let t(z) = 10*z**3 + 1059*z**2 - 53*z - 346. Give t(-106).
-5964
Let v(m) = -8580*m + 986606. Give v(115).
-94
Let w(f) = 9233*f + 600149. What is w(-65)?
4
Let k(o) = 508*o + 3234. Give k(-8).
-830
Let m(x) = -578*x - 765. Calculate m(-2).
391
Let m(h) = 511*h**2 - 8712*h + 417. Give m(17).
-8
Let a(z) = 36*z**2 - 854*z - 137. What is a(24)?
103
Let i(l) = -3*l**3 - 6891*l**2 - 20673*l. Give i(-3).
81
Let i(f) = -6*f**3 + 447*f**2 + 308*f - 5553. Calculate i(75).
672
Let x(h) = -2*h**2 - 127*h - 1620. Determine x(-28).
368
Let f(u) = 18*u**2 - 699*u - 4441. Determine f(-6).
401
Let b(p) = 215*p - 15661. Determine b(74).
249
Let w(l) = 776*l + 8358. Determine w(-11).
-178
Let l(v) = 138*v**2 - 12134*v + 12004. Calculate l(1).
8
Let q(x) = 142*x**2 + 6517*x - 682. Determine q(-46).
8
Let y(x) = x**2 + 1143*x + 211375. Calculate y(-232).
23
Let k(x) = -200*x + 67431. Give k(339).
-369
Let u(i) = -3*i**3 + 189*i**2 + 19*i + 182. Give u(63).
1379
Let b(x) = -x**2 - 117792*x - 7652286. What is b(-65)?
-31
Let w(o) = 613919*o - 613934. Determine w(1).
-15
Let n(w) = -5629*w - 664214. What is n(-118)?
8
Let j(c) = -4*c**3 + 225*c**2 - 320*c + 14733. What is j(56)?
-51
Let q(s) = -109*s**2 - 132*s + 7641. What is q(-9)?
0
Let n(w) = -2*w**3 + 15*w**2 + 3530*w - 7110. Give n(2).
-6
Let r(g) = 14549*g + 931369. Determine r(-64).
233
Let d(n) = 447*n + 3844. Calculate d(-9).
-179
Let r(g) = -4303*g - 86030. Determine r(-20).
30
Let v(k) = 81346*k + 244302. Determine v(-3).
264
Let j(r) = 6179*r + 6182. Determine j(-1).
3
Let k(c) = 2*c**3 + 202*c**2 - 1193*c + 9732. What is k(-107)?
-5
Let p(q) = -q**2 - 89*q + 12305. What is p(75)?
5
Let b(k) = -2*k**3 + 23*k**2 + 562*k - 6545. Determine b(12).
55
Let w(v) = 13*v**3 + 582*v**2 - 138*v - 129. Give w(-45).
6
Let f(l) = 4*l**3 - 137*l**2 + 175*l - 163. Give f(33).
167
Let w(l) = -16*l**3 + 11539*l**2 - 2092*l - 51194. What is w(721)?
-3
Let a(h) = 5798*h + 81204. Determine a(-14).
32
Let o(s) = -75*s + 10694. Determine o(151).
-631
Let l(s) = -3*s**2 - 5860*s - 329803. What is l(-58)?
-15
Let y(d) = 258*d - 21007. Calculate y(75).
-1657
Let s(l) = -42224*l - 31456872. Calculate s(-745).
8
Let d(k) = -k**3 + 251*k**2 - 162*k + 40663. Calculate d(251).
1
Let f(a) = 42*a**3 - 223*a**2 - 213*a + 16. Give f(7).
2004
Let b(o) = -1041*o - 5861. Determine b(-4).
-1697
Let l(i) = 2964226*i - 4. Determine l(0).
-4
Let r(p) = 33701*p + 67433. Calculate r(-2).
31
Let w(a) = -6397*a - 832. Determine w(0).
-832
Let m(y) = 7*y**2 + 84*y - 3394. Calculate m(-29).
57
Let h(g) = 28*g**3 + 221*g**2 - 35*g - 42. Calculate h(-8).
46
Let u(g) = -1308*g - 477415. Give u(-365).
5
Let r(c) = 4*c**3 - 28*c**2 + 128*c - 472. Calculate r(6).
152
Let z(m) = -230*m**2 + 2846*m + 1879. Give z(13).
7
Let g(b) = -4576*b - 1162293. Give g(-254).
11
Let v(w) = -10586*w + 359928. What is v(34)?
4
Let d(z) = -34*z**3 - 24*z**2 + 134*z + 203. Determine d(-2).
111
Let o(y) = 17815*y - 374095. What is o(21)?
20
Let y(a) = a**3 - 145*a**2 - 4842*a - 316. Give y(173).
30
Let p(w) = 156*w - 5380. Give p(35).
80
Let l(y) = -y**3 - 60*y**2 - 775*y - 2606. Give l(-11).
-10
Let f(t) = -3*t**3 + 14*t**2 - 28*t + 283. What is f(9)?
-1022
Let b(y) = -y**2 - 46*y + 91627. What is b(281)?
-260
Let k(o) = -66*o - 841. What is k(-13)?
17
Let k(l) = -95*l**2 - 56140*l + 2933. What is k(-591)?
-22
Let q(l) = -31*l**3 + 8*l**2 - l - 10. Give q(-1).
30
Let m(i) = 2*i**3 + 119*i**2 + 362*i + 10658. Determine m(-58).
-246
Let u(k) = 5*k**2 - 8308*k + 41512. Determine u(5).
97
Let k(v) = 242*v - 21568. Determine k(99).
2390
Let v(c) = 82*c**2 - 4659*c - 852. Calculate v(57).
3
Let c(k) = -14*k**2 - 61*k + 465. Give c(-14).
-1425
Let p(q) = -7*q**3 + 6*q**2 - 219*q + 796. Give p(4).
-432
Let l(h) = -h**3 - 81*h**2 - 436*h + 394. What is l(-6)?
310
Let g(q) = -q**3 - 456*q**2 - 4939*q + 8. Determine g(-11).
492
Let n(x) = -2*x**3 - 37*x**2 + 11*x + 119. Determine n(-19).
271
Let a(j) = -139930*j - 12173909. Determine a(-87).
1
Let c(d) = -335*d + 12018. Give c(40).
-1382
Let y(r) = -138570*r + 2771371. Determine y(20).
-29
Let k(d) = d**3 + 85*d**2 - 75*d + 947. Give k(-86).
1
Let h(n) = -n**2 - 6294*n + 37815. Determine h(6).
15
Let l(y) = -9*y**3 + 1548*y**2 - 1546*y + 1195. What is l(171)?
-2
Let z(c) = 11*c**2 + 929*c + 12617. Give z(-17).
3
Let c(d) = 24815*d - 148873. Determine c(6).
17
Let y(v) = 2360*v - 72237. What is y(29)?
-3797
Let v(i) = 10671*i + 64025. Determine v(-6).
-1
Let b(l) = 11*l**2 + 2649*l - 18633. Determine b(7).
449
Let n(j) = -2*j**2 - 165*j - 2576. Determine n(-21).
7
Let d(j) = 504*j + 3867. Give d(-10).
-1173
Let n(t) = t**2 + 17553*t + 3230263. Determine n(-186).
1
Let g(y) = 137*y**2 + 280*y - 44. Calculate g(-2).
-56
Let i(n) = -n**3 - 251*n**2 - 253*n - 745. What is i(-250)?
5
Let j(m) = -m**2 + 9164*m - 264910. Give j(29).
5
Let c(t) = 113793*t - 7282746. Give c(64).
6
Let n(l) = -101450*l - 405707. Give n(-4).
93
Let s(m) = -2461*m - 1331405. Give s(-541).
-4
Let p(t) = -2*t**3 + 107*t**2 - 71*t - 159. Give p(53).
-1113
Let u(r) = -r**2 + 639*r + 5. Determine u(0).
5
Let o(d) = -d**3 + 79*d**2 + 507*d + 4. Calculate o(-6).
22
Let z(d) = 6*d**3 + 107*d**2 - 49*d - 298. Calculate z(-18).
260
Let z(h) = -117*h + 14485. Calculate z(122).
211
Let w(y) = 28104*y - 365432. Determine w(13).
-80
Let k(i) = 7*i**2 - 134*i - 15. Determine k(20).
105
Let z(m) = -6*m**2 + 802*m + 2271. Calculate z(138).
-1317
Let x(u) = u**3 - 172*u**2 + 7368*u + 462. Give x(88).
-1650
Let s(z) = 2*z**2 + 465*z + 14652. Give s(-195).
27
Let d(b) = -120783*b - 2777992. What is d(-23)?
17
Let c(n) = -9*n - 2799. Give c(-46).
-2385
Let i(d) = 2088*d + 580352. Determine i(-278).
-112
Let c(l) = 586391*l + 2345592. Calculate c(-4).
28
Let c(u) = -u**2 + 42*u + 70326. Give c(287).
11
Let z(i) = -3814*i**2 + 19062*i + 26. Calculate z(5).
-14
Let y(j) = -17*j**2 + 107*j + 6. Calculate y(9).
-408
Let d(x) = 268*x + 631. Give d(-4).
-441
Let w(l) = -l**3 - 88*l**2 + 305*l - 1349. Give w(-92).
4447
Let a(c) = 2201*c - 2039. Determine a(1).
162
Let i(r) = r**2 + 37*r + 76. Determine i(-40).
196
Let x(p) = -p**3 - 123*p**2 - 3765*p - 463101. What is x(-123)?
-6
Let b(p) = -17*p**3 + 853*p**2 + 687*p + 1372. What is b(51)?
-5
Let w(s) = s**3 + 25*s**2 + 376*s + 7591. Give w(-23).
1
Let o(f) = -18*f**2 - 338*f + 996. What is o(3)?
-180
Let z(i) = i**3 + 16*i**2 - 159*i - 1325. Calculate z(-6).
-11
Let v(a) = -a**3 - 503*a**2 + 523*a + 9282. Determine v(-504).
-294
Let w(k) = -292*k - 16574. Give w(-51).
-1682
Let o(k) = -k**3 + 5*k**2 - 171*k - 505. What is o(-3)?
80
Let t(n) = -n**3 + 61*n**2 + 2383*n - 621. Determine t(88).
-5
Let d(s) = -s**3 - 14*s**2 + 4310*s + 52002. Calculate d(-12).
-6
Let p(b) = -5370829*b - 53708281. What is p(-10)?
9
Let p(f) = 369*f + 33568. Calculate p(-91).
-11
Let j(g) = 13425*g + 120797. Calculate j(-9).
-28
Let v(p) = 7*p**2 + 2212*p - 4483. Calculate v(-318).
-31
Let k(u) = 194*u**2 - 22362*u + 28041. Calculate k(114).
-3
Let w(a) = 76195*a - 457181. Calculate w(6).
-11
Let t(k) = -10*k**3 - 480*k**2 + 47*k + 1802. Determine t(-48).
-454
Let n(x) = 8*x**3 + 24*x**2 + 670*x + 1992. Give n(-3).
-18
Let a(d) = d**2 - 718*d - 16304. Calculate a(-22).
-24
Let s(i) = 1